{"id":22486,"date":"2021-06-14T12:06:11","date_gmt":"2021-06-14T16:06:11","guid":{"rendered":"https:\/\/newsinteractive.post-gazette.com\/photos\/wp-content\/uploads\/sites\/5\/2021\/06\/20210613awFundraiser06.jpg"},"modified":"2021-06-14T12:06:11","modified_gmt":"2021-06-14T16:06:11","slug":"crohnos-and-colitis-foundation-fundraiser","status":"inherit","type":"attachment","link":"https:\/\/newsinteractive.post-gazette.com\/photos\/2021\/06\/14\/week-in-photos-june-13-19\/crohnos-and-colitis-foundation-fundraiser\/","title":{"rendered":"Crohn\u00d5s and Colitis Foundation fundraiser"},"author":34,"comment_status":"closed","ping_status":"closed","template":"","meta":{"jetpack_post_was_ever_published":false},"jetpack_sharing_enabled":true,"description":{"rendered":"<p class=\"attachment\"><a href='https:\/\/i0.wp.com\/newsinteractive.post-gazette.com\/photos\/wp-content\/uploads\/sites\/5\/2021\/06\/20210613awFundraiser06.jpg?ssl=1'><img loading=\"lazy\" decoding=\"async\" width=\"300\" height=\"200\" src=\"https:\/\/i0.wp.com\/newsinteractive.post-gazette.com\/photos\/wp-content\/uploads\/sites\/5\/2021\/06\/20210613awFundraiser06.jpg?fit=300%2C200&amp;ssl=1\" class=\"attachment-medium size-medium\" alt=\"\" srcset=\"https:\/\/i0.wp.com\/newsinteractive.post-gazette.com\/photos\/wp-content\/uploads\/sites\/5\/2021\/06\/20210613awFundraiser06.jpg?w=2400&amp;ssl=1 2400w, https:\/\/i0.wp.com\/newsinteractive.post-gazette.com\/photos\/wp-content\/uploads\/sites\/5\/2021\/06\/20210613awFundraiser06.jpg?resize=300%2C200&amp;ssl=1 300w, https:\/\/i0.wp.com\/newsinteractive.post-gazette.com\/photos\/wp-content\/uploads\/sites\/5\/2021\/06\/20210613awFundraiser06.jpg?resize=1024%2C683&amp;ssl=1 1024w, https:\/\/i0.wp.com\/newsinteractive.post-gazette.com\/photos\/wp-content\/uploads\/sites\/5\/2021\/06\/20210613awFundraiser06.jpg?resize=383%2C255&amp;ssl=1 383w, https:\/\/i0.wp.com\/newsinteractive.post-gazette.com\/photos\/wp-content\/uploads\/sites\/5\/2021\/06\/20210613awFundraiser06.jpg?resize=1536%2C1024&amp;ssl=1 1536w, https:\/\/i0.wp.com\/newsinteractive.post-gazette.com\/photos\/wp-content\/uploads\/sites\/5\/2021\/06\/20210613awFundraiser06.jpg?resize=2048%2C1365&amp;ssl=1 2048w, https:\/\/i0.wp.com\/newsinteractive.post-gazette.com\/photos\/wp-content\/uploads\/sites\/5\/2021\/06\/20210613awFundraiser06.jpg?w=1696&amp;ssl=1 1696w\" sizes=\"(max-width: 300px) 100vw, 300px\" data-attachment-id=\"22486\" data-permalink=\"https:\/\/newsinteractive.post-gazette.com\/photos\/2021\/06\/14\/week-in-photos-june-13-19\/crohnos-and-colitis-foundation-fundraiser\/\" data-orig-file=\"https:\/\/i0.wp.com\/newsinteractive.post-gazette.com\/photos\/wp-content\/uploads\/sites\/5\/2021\/06\/20210613awFundraiser06.jpg?fit=2400%2C1600&amp;ssl=1\" data-orig-size=\"2400,1600\" data-comments-opened=\"0\" data-image-meta=\"{&quot;aperture&quot;:&quot;2.8&quot;,&quot;credit&quot;:&quot;Alexandra Wimley\\\/Post-Gazette&quot;,&quot;camera&quot;:&quot;NIKON D5&quot;,&quot;caption&quot;:&quot;Zoe Dunlap, 9, of South Fayette, dances with Kristi Lang, of South Fayette, both with the fundraising team \\u00d2Kristi&#039;s Crusaders\\u00d3, while waiting for the program to start during the Crohn\\u00d5s and Colitis Foundation\\u00d5s annual Pittsburgh Take Steps fundraiser drive-in event, Sunday, June 13, 2021, on the North Side. The Take Steps fundraiser raises awareness and funds to support people living with inflammatory bowel disease and to increase the pace of research. (Alexandra Wimley\\\/Post-Gazette)&quot;,&quot;created_timestamp&quot;:&quot;1623604771&quot;,&quot;copyright&quot;:&quot;Pittsburgh Post-Gazette&quot;,&quot;focal_length&quot;:&quot;24&quot;,&quot;iso&quot;:&quot;100&quot;,&quot;shutter_speed&quot;:&quot;0.0008&quot;,&quot;title&quot;:&quot;Crohn\\u00d5s and Colitis Foundation fundraiser&quot;,&quot;orientation&quot;:&quot;1&quot;}\" data-image-title=\"Crohn\u00d5s and Colitis Foundation fundraiser\" data-image-description=\"\" data-image-caption=\"&lt;p&gt;Zoe Dunlap, 9, of South Fayette, dances with Kristi Lang, of South Fayette, both with the fundraising team \u00d2Kristi&#8217;s Crusaders\u00d3, while waiting for the program to start during the Crohn\u00d5s and Colitis Foundation\u00d5s annual Pittsburgh Take Steps fundraiser drive-in event, Sunday, June 13, 2021, on the North Side. The Take Steps fundraiser raises awareness and funds to support people living with inflammatory bowel disease and to increase the pace of research. (Alexandra Wimley\/Post-Gazette)&lt;\/p&gt;\n\" data-medium-file=\"https:\/\/i0.wp.com\/newsinteractive.post-gazette.com\/photos\/wp-content\/uploads\/sites\/5\/2021\/06\/20210613awFundraiser06.jpg?fit=300%2C200&amp;ssl=1\" data-large-file=\"https:\/\/i0.wp.com\/newsinteractive.post-gazette.com\/photos\/wp-content\/uploads\/sites\/5\/2021\/06\/20210613awFundraiser06.jpg?fit=848%2C566&amp;ssl=1\" \/><\/a><\/p>\n"},"caption":{"rendered":"<p>Zoe Dunlap, 9, of South Fayette, dances with Kristi Lang, of South Fayette, both with the fundraising team \u00d2Kristi&#8217;s Crusaders\u00d3, while waiting for the program to start during the Crohn\u00d5s and Colitis Foundation\u00d5s annual Pittsburgh Take Steps fundraiser drive-in event, Sunday, June 13, 2021, on the North Side. The Take Steps fundraiser raises awareness and funds to support people living with inflammatory bowel disease and to increase the pace of research. (Alexandra Wimley\/Post-Gazette)<\/p>\n"},"alt_text":"","media_type":"image","mime_type":"image\/jpeg","media_details":{"width":2400,"height":1600,"file":"2021\/06\/20210613awFundraiser06.jpg","sizes":{"medium":{"file":"20210613awFundraiser06-300x200.jpg","width":300,"height":200,"mime_type":"image\/jpeg","source_url":"https:\/\/i0.wp.com\/newsinteractive.post-gazette.com\/photos\/wp-content\/uploads\/sites\/5\/2021\/06\/20210613awFundraiser06.jpg?fit=300%2C200&ssl=1"},"large":{"file":"20210613awFundraiser06-1024x683.jpg","width":1024,"height":683,"mime_type":"image\/jpeg","source_url":"https:\/\/i0.wp.com\/newsinteractive.post-gazette.com\/photos\/wp-content\/uploads\/sites\/5\/2021\/06\/20210613awFundraiser06.jpg?fit=848%2C566&ssl=1"},"thumbnail":{"file":"20210613awFundraiser06-383x255.jpg","width":383,"height":255,"mime_type":"image\/jpeg","source_url":"https:\/\/i0.wp.com\/newsinteractive.post-gazette.com\/photos\/wp-content\/uploads\/sites\/5\/2021\/06\/20210613awFundraiser06.jpg?fit=383%2C255&ssl=1"},"1536x1536":{"file":"20210613awFundraiser06-1536x1024.jpg","width":1536,"height":1024,"mime_type":"image\/jpeg","source_url":"https:\/\/i0.wp.com\/newsinteractive.post-gazette.com\/photos\/wp-content\/uploads\/sites\/5\/2021\/06\/20210613awFundraiser06.jpg?fit=1536%2C1024&ssl=1"},"2048x2048":{"file":"20210613awFundraiser06-2048x1365.jpg","width":2048,"height":1365,"mime_type":"image\/jpeg","source_url":"https:\/\/i0.wp.com\/newsinteractive.post-gazette.com\/photos\/wp-content\/uploads\/sites\/5\/2021\/06\/20210613awFundraiser06.jpg?fit=2048%2C1365&ssl=1"},"featured-img":{"file":"20210613awFundraiser06-840x410.jpg","width":840,"height":410,"mime_type":"image\/jpeg","source_url":"https:\/\/i0.wp.com\/newsinteractive.post-gazette.com\/photos\/wp-content\/uploads\/sites\/5\/2021\/06\/20210613awFundraiser06.jpg?resize=840%2C410&ssl=1"},"profile_24":{"file":"20210613awFundraiser06-24x24.jpg","width":24,"height":24,"mime_type":"image\/jpeg","source_url":"https:\/\/i0.wp.com\/newsinteractive.post-gazette.com\/photos\/wp-content\/uploads\/sites\/5\/2021\/06\/20210613awFundraiser06.jpg?resize=24%2C24&ssl=1"},"profile_48":{"file":"20210613awFundraiser06-48x48.jpg","width":48,"height":48,"mime_type":"image\/jpeg","source_url":"https:\/\/i0.wp.com\/newsinteractive.post-gazette.com\/photos\/wp-content\/uploads\/sites\/5\/2021\/06\/20210613awFundraiser06.jpg?resize=48%2C48&ssl=1"},"profile_96":{"file":"20210613awFundraiser06-96x96.jpg","width":96,"height":96,"mime_type":"image\/jpeg","source_url":"https:\/\/i0.wp.com\/newsinteractive.post-gazette.com\/photos\/wp-content\/uploads\/sites\/5\/2021\/06\/20210613awFundraiser06.jpg?resize=96%2C96&ssl=1"},"profile_150":{"file":"20210613awFundraiser06-150x150.jpg","width":150,"height":150,"mime_type":"image\/jpeg","source_url":"https:\/\/i0.wp.com\/newsinteractive.post-gazette.com\/photos\/wp-content\/uploads\/sites\/5\/2021\/06\/20210613awFundraiser06.jpg?resize=150%2C150&ssl=1"},"profile_300":{"file":"20210613awFundraiser06-300x300.jpg","width":300,"height":300,"mime_type":"image\/jpeg","source_url":"https:\/\/i0.wp.com\/newsinteractive.post-gazette.com\/photos\/wp-content\/uploads\/sites\/5\/2021\/06\/20210613awFundraiser06.jpg?resize=300%2C300&ssl=1"},"full":{"file":"20210613awFundraiser06.jpg?fit=2400%2C1600&ssl=1","width":2400,"height":1600,"mime_type":"image\/jpeg","source_url":"https:\/\/i0.wp.com\/newsinteractive.post-gazette.com\/photos\/wp-content\/uploads\/sites\/5\/2021\/06\/20210613awFundraiser06.jpg?fit=2400%2C1600&ssl=1"}},"image_meta":{"aperture":"2.8","credit":"Alexandra Wimley\/Post-Gazette","camera":"NIKON D5","caption":"Zoe Dunlap, 9, of South Fayette, dances with Kristi Lang, of South Fayette, both with the fundraising team \u00d2Kristi's Crusaders\u00d3, while waiting for the program to start during the Crohn\u00d5s and Colitis Foundation\u00d5s annual Pittsburgh Take Steps fundraiser drive-in event, Sunday, June 13, 2021, on the North Side. The Take Steps fundraiser raises awareness and funds to support people living with inflammatory bowel disease and to increase the pace of research. (Alexandra Wimley\/Post-Gazette)","created_timestamp":"1623604771","copyright":"Pittsburgh Post-Gazette","focal_length":"24","iso":"100","shutter_speed":"0.0008","title":"Crohn\u00d5s and Colitis Foundation fundraiser","orientation":"1","keywords":[]}},"post":22483,"source_url":"https:\/\/newsinteractive.post-gazette.com\/photos\/wp-content\/uploads\/sites\/5\/2021\/06\/20210613awFundraiser06.jpg","_links":{"self":[{"href":"https:\/\/newsinteractive.post-gazette.com\/photos\/wp-json\/wp\/v2\/media\/22486"}],"collection":[{"href":"https:\/\/newsinteractive.post-gazette.com\/photos\/wp-json\/wp\/v2\/media"}],"about":[{"href":"https:\/\/newsinteractive.post-gazette.com\/photos\/wp-json\/wp\/v2\/types\/attachment"}],"author":[{"embeddable":true,"href":"https:\/\/newsinteractive.post-gazette.com\/photos\/wp-json\/wp\/v2\/users\/34"}]}}

CrohnÕs and Colitis Foundation fundraiser

<p class="attachment"><a href='https://i0.wp.com/newsinteractive.post-gazette.com/photos/wp-content/uploads/sites/5/2021/06/20210613awFundraiser06.jpg?ssl=1'><img loading="lazy" decoding="async" width="300" height="200" src="https://i0.wp.com/newsinteractive.post-gazette.com/photos/wp-content/uploads/sites/5/2021/06/20210613awFundraiser06.jpg?fit=300%2C200&amp;ssl=1" class="attachment-medium size-medium" alt="" srcset="https://i0.wp.com/newsinteractive.post-gazette.com/photos/wp-content/uploads/sites/5/2021/06/20210613awFundraiser06.jpg?w=2400&amp;ssl=1 2400w, https://i0.wp.com/newsinteractive.post-gazette.com/photos/wp-content/uploads/sites/5/2021/06/20210613awFundraiser06.jpg?resize=300%2C200&amp;ssl=1 300w, https://i0.wp.com/newsinteractive.post-gazette.com/photos/wp-content/uploads/sites/5/2021/06/20210613awFundraiser06.jpg?resize=1024%2C683&amp;ssl=1 1024w, https://i0.wp.com/newsinteractive.post-gazette.com/photos/wp-content/uploads/sites/5/2021/06/20210613awFundraiser06.jpg?resize=383%2C255&amp;ssl=1 383w, https://i0.wp.com/newsinteractive.post-gazette.com/photos/wp-content/uploads/sites/5/2021/06/20210613awFundraiser06.jpg?resize=1536%2C1024&amp;ssl=1 1536w, https://i0.wp.com/newsinteractive.post-gazette.com/photos/wp-content/uploads/sites/5/2021/06/20210613awFundraiser06.jpg?resize=2048%2C1365&amp;ssl=1 2048w, https://i0.wp.com/newsinteractive.post-gazette.com/photos/wp-content/uploads/sites/5/2021/06/20210613awFundraiser06.jpg?w=1696&amp;ssl=1 1696w" sizes="(max-width: 300px) 100vw, 300px" data-attachment-id="22486" data-permalink="https://newsinteractive.post-gazette.com/photos/2021/06/14/week-in-photos-june-13-19/crohnos-and-colitis-foundation-fundraiser/" data-orig-file="https://i0.wp.com/newsinteractive.post-gazette.com/photos/wp-content/uploads/sites/5/2021/06/20210613awFundraiser06.jpg?fit=2400%2C1600&amp;ssl=1" data-orig-size="2400,1600" data-comments-opened="0" data-image-meta="{&quot;aperture&quot;:&quot;2.8&quot;,&quot;credit&quot;:&quot;Alexandra Wimley\/Post-Gazette&quot;,&quot;camera&quot;:&quot;NIKON D5&quot;,&quot;caption&quot;:&quot;Zoe Dunlap, 9, of South Fayette, dances with Kristi Lang, of South Fayette, both with the fundraising team \u00d2Kristi&#039;s Crusaders\u00d3, while waiting for the program to start during the Crohn\u00d5s and Colitis Foundation\u00d5s annual Pittsburgh Take Steps fundraiser drive-in event, Sunday, June 13, 2021, on the North Side. The Take Steps fundraiser raises awareness and funds to support people living with inflammatory bowel disease and to increase the pace of research. (Alexandra Wimley\/Post-Gazette)&quot;,&quot;created_timestamp&quot;:&quot;1623604771&quot;,&quot;copyright&quot;:&quot;Pittsburgh Post-Gazette&quot;,&quot;focal_length&quot;:&quot;24&quot;,&quot;iso&quot;:&quot;100&quot;,&quot;shutter_speed&quot;:&quot;0.0008&quot;,&quot;title&quot;:&quot;Crohn\u00d5s and Colitis Foundation fundraiser&quot;,&quot;orientation&quot;:&quot;1&quot;}" data-image-title="CrohnÕs and Colitis Foundation fundraiser" data-image-description="" data-image-caption="&lt;p&gt;Zoe Dunlap, 9, of South Fayette, dances with Kristi Lang, of South Fayette, both with the fundraising team ÒKristi&#8217;s CrusadersÓ, while waiting for the program to start during the CrohnÕs and Colitis FoundationÕs annual Pittsburgh Take Steps fundraiser drive-in event, Sunday, June 13, 2021, on the North Side. The Take Steps fundraiser raises awareness and funds to support people living with inflammatory bowel disease and to increase the pace of research. (Alexandra Wimley/Post-Gazette)&lt;/p&gt;
" data-medium-file="https://i0.wp.com/newsinteractive.post-gazette.com/photos/wp-content/uploads/sites/5/2021/06/20210613awFundraiser06.jpg?fit=300%2C200&amp;ssl=1" data-large-file="https://i0.wp.com/newsinteractive.post-gazette.com/photos/wp-content/uploads/sites/5/2021/06/20210613awFundraiser06.jpg?fit=848%2C566&amp;ssl=1" /></a></p>

<p>Zoe Dunlap, 9, of South Fayette, dances with Kristi Lang, of South Fayette, both with the fundraising team ÒKristi&#8217;s CrusadersÓ, while waiting for the program to start during the CrohnÕs and Colitis FoundationÕs annual Pittsburgh Take Steps fundraiser drive-in event, Sunday, June 13, 2021, on the North Side. The Take Steps fundraiser raises awareness and funds to support people living with inflammatory bowel disease and to increase the pace of research. (Alexandra Wimley/Post-Gazette)</p>

Zoe Dunlap, 9, of South Fayette, dances with Kristi Lang, of South Fayette, both with the fundraising team ÒKristi's CrusadersÓ, while waiting for the program to start during the CrohnÕs and Colitis FoundationÕs annual Pittsburgh Take Steps fundraiser drive-in event, Sunday, June 13, 2021, on the North Side. The Take Steps fundraiser raises awareness and funds to support people living with inflammatory bowel disease and to increase the pace of research. (Alexandra Wimley/Post-Gazette)
